f 37 and 12469.
37
What is the greatest common divisor of 13 and 1781?
13
Calculate the highest common divisor of 27 and 1.
1
What is the highest common divisor of 5687 and 376?
47
What is the highest common factor of 759 and 69?
69
What is the greatest common divisor of 8 and 200?
8
Calculate the greatest common factor of 784 and 32.
16
Calculate the greatest common factor of 120 and 13908.
12
What is the greatest common divisor of 222 and 264?
6
What is the highest common factor of 158 and 4?
2
Calculate the highest common factor of 23337 and 9.
9
Calculate the greatest common divisor of 40 and 1910.
10
What is the greatest common factor of 236 and 295?
59
Calculate the greatest common factor of 275 and 66.
11
Calculate the highest common factor of 71 and 7171.
71
Calculate the highest common factor of 40 and 128.
8
What is the highest common divisor of 98 and 469?
7
What is the greatest common divisor of 103 and 59431?
103
What is the highest common divisor of 276 and 11132?
92
What is the highest common factor of 1092 and 208?
52
What is the greatest common divisor of 183 and 3?
3
Calculate the greatest common factor of 21 and 147.
21
What is the greatest common factor of 840 and 15?
15
What is the highest common divisor of 854 and 244?
122
What is the highest common divisor of 9 and 27?
9
What is the highest common factor of 2136 and 16?
8
What is the highest common divisor of 28 and 931?
7
What is the highest common divisor of 836 and 8132?
76
Calculate the greatest common divisor of 63354 and 6.
6
Calculate the greatest common divisor of 47 and 32101.
47
Calculate the highest common factor of 473 and 559.
43
Calculate the highest common divisor of 2 and 3.
1
Calculate the highest common divisor of 2850 and 45.
15
Calculate the greatest common factor of 224 and 1184.
32
Calculate the highest common divisor of 986 and 2494.
58
What is the highest common divisor of 133 and 315?
7
Calculate the highest common factor of 336 and 21.
21
What is the highest common factor of 450 and 45?
45
Calculate the highest common divisor of 176 and 112.
16
Calculate the greatest common factor of 1840 and 1280.
80
Calculate the highest common divisor of 75 and 4800.
75
What is the greatest common divisor of 36 and 117?
9
What is the highest common divisor of 399 and 171?
57
What is the greatest common divisor of 46568 and 8?
8
Calculate the greatest common factor of 9 and 477.
9
What is the greatest common divisor of 490 and 1120?
70
Calculate the greatest common factor of 44 and 384.
4
What is the highest common divisor of 473 and 172?
43
Calculate the highest common factor of 85 and 187.
17
What is the greatest common divisor of 2106 and 26?
26
Calculate the highest common factor of 228 and 741.
57
Calculate the greatest common divisor of 3222 and 18.
18
Calculate the highest common divisor of 470 and 35.
5
Calculate the greatest common divisor of 400 and 25.
25
Calculate the greatest common factor of 87 and 4.
1
What is the highest common factor of 60 and 705?
15
What is the highest common divisor of 176 and 264?
88
Calculate the highest common divisor of 132 and 319.
11
Calculate the highest common factor of 91 and 143.
13
Calculate the greatest common factor of 1310 and 90.
10
Calculate the highest common factor of 12 and 270.
6
What is the greatest common factor of 35 and 15?
5
Calculate the highest common divisor of 14 and 154.
14
Calculate the greatest common divisor of 5713 and 197.
197
Calculate the highest common divisor of 20 and 452.
4
Calculate the greatest common factor of 330 and 270.
30
What is the highest common factor of 36 and 20070?
18
What is the highest common divisor of 135 and 11448?
27
Calculate the highest common divisor of 4865 and 280.
35
What is the highest common divisor of 1296 and 48?
48
Calculate the highest common factor of 78 and 793.
13
What is the greatest common divisor of 4736 and 64?
64
What is the highest common divisor of 22 and 7414?
22
Calculate the highest common divisor of 3901 and 141.
47
What is the greatest common factor of 314 and 21038?
314
What is the greatest common factor of 112 and 14?
14
What is the greatest common factor of 221 and 1156?
17
Calculate the highest common divisor of 240 and 4245.
15
What is the highest common factor of 55 and 935?
55
What is the greatest common divisor of 204 and 7242?
102
What is the highest common factor of 992 and 93?
31
What is the highest common divisor of 2937 and 2403?
267
What is the highest common factor of 161 and 896?
7
Calculate the highest common divisor of 6 and 102.
6
Calculate the highest common factor of 121 and 13673.
121
What is the greatest common divisor of 10 and 16?
2
Calculate the greatest common factor of 847 and 693.
77
Calculate the greatest common factor of 302 and 1661.
151
What is the greatest common factor of 44 and 286?
22
What is the highest common factor of 407 and 22?
11
Calculate the highest common factor of 6 and 29406.
6
Calculate the greatest common factor of 6 and 1134.
6
What is the highest common factor of 104 and 806?
26
Calculate the greatest common factor of 161 and 115.
23
Calculate the highest common factor of 1053 and 1833.
39
Calculate the highest common factor of 32 and 184.
8
What is the greatest common factor of 1398 and 210?
6
What is the greatest common factor of 230 and 24035?
115
What is the highest common divisor of 170 and 1480?
10
What is the greatest common factor of 696 and 36?
12
What is the greatest common divisor of 136 and 24?
8
What is the highest common factor of 37 and 2257?
37
What is the greatest common divisor of 49 and 1568?
49
Calculate the highest common factor of 120 and 280.
40
What is the greatest common divisor of 575 and 25?
25
Calculate the greatest common factor of 255 and 1395.
15
What is the highest common factor of 216 and 5238?
54
What is the highest common divisor of 176 and 55?
11
What is the greatest common divisor of 639 and 284?
71
Calculate the highest common divisor of 270 and 10.
10
Calculate the highest common factor of 13 and 39.
13
What is the highest common factor of 120 and 30?
30
Calculate the greatest common divisor of 1 and 321.
1
Calculate the highest common divisor of 1176 and 49.
49
Calculate the highest common divisor of 775 and 837.
31
What is the highest common factor of 74 and 10?
2
Calculate the highest common divisor of 1472 and 69.
23
What is the greatest common factor of 2 and 162?
2
Calculate the greatest common factor of 19 and 3173.
19
Calculate the highest common divisor of 108 and 36.
36
What is the highest common factor of 44 and 2156?
44
What is the greatest common factor of 6 and 309?
3
Calculate the highest common divisor of 215 and 9761.
43
Calculate the greatest common divisor of 384 and 168.
24
What is the greatest common factor of 95 and 35?
5
Calculate the highest common factor of 26112 and 17.
17
Calculate the greatest common factor of 32 and 16.
16
What is the greatest common divisor of 6 and 2166?
6
Calculate the highest common factor of 13 and 8.
1
What is the greatest common factor of 56 and 992?
8
Calculate the highest common divisor of 1904 and 3536.
272
Calculate the highest common factor of 35724 and 156.
156
Calculate the greatest common factor of 1179 and 4192.
131
What is the highest common factor of 483 and 273?
21
What is the highest common factor of 1792 and 784?
112
What is the highest common divisor of 2086 and 28?
14
Calculate the greatest common divisor of 207 and 144.
9
Calculate the highest common divisor of 174 and 3219.
87
Calculate the greatest common factor of 17 and 5627.
17
What is the greatest common divisor of 39 and 14781?
39
Calculate the greatest common divisor of 15 and 252.
3
What is the greatest common divisor of 38 and 13414?
38
Calculate the highest common divisor of 92 and 2852.
92
What is the highest common divisor of 116 and 5684?
116
Calculate the greatest common factor of 27610 and 220.
110
Calculate the highest common divisor of 57 and 21.
3
Calculate the highest common factor of 9 and 4581.
9
What is the greatest common factor of 4097 and 85?
17
What is the greatest common factor of 32 and 78304?
32
What is the highest common factor of 195 and 455?
65
What is the greatest common divisor of 20976 and